-2)/q). What is b(s)?
22
Suppose -60 = 3*j - 30. Let b(k) = k + 9. Let y be b(-7). Let v(o) = -4*o + 0*o + 3 + y + o**2 + 14*o. Determine v(j).
5
Let t(v) = -13*v**2 - 130*v - 2. Suppose 4*d - 31*d = -35*d - 80. Calculate t(d).
-2
Let v(o) be the first derivative of 10*o - 5/2*o**2 - 1/3*o**3 - 186. Give v(-6).
4
Let o(b) = b**3 + 19*b**2 + 2*b + 46. Let n be -21 - (-1)/(2/4). Let u be o(n). Let g(j) = -j**2 + 7*j + 11. Give g(u).
3
Let j(u) = -7*u**2 - 7*u - 19. Let w(o) = 10*o**2 + 11*o + 28. Let y(p) = 7*j(p) + 5*w(p). Suppose 0 = 175*t - 177*t + 28. Suppose t = -8*r - 26. What is y(r)?
2
Let t be ((-60)/(-21) + -2)/(13/(-97 + 6)). Let o(m) be the second derivative of 0 - 5/2*m**2 - 4*m - 1/6*m**3. Determine o(t).
1
Suppose 7*s = 2*h + 10*s - 19, 110 = 5*h - 5*s. Let r(n) = 14*n + 3 - h*n + 4. Suppose -5*j = -x - 33, 5*j - j = 2*x + 30. Calculate r(j).
-11
Let n(j) = 15*j**3 - 118*j**2 + 3*j - 42. Let l(w) = 7*w**3 - 55*w**2 + 2*w - 21. Let m(q) = -13*l(q) + 6*n(q). What is m(6)?
9
Let m(c) be the first derivative of c**6/360 - 7*c**5/120 + c**4/3 - 3*c**3 + 2*c**2 - 90. Let t(g) be the third derivative of m(g). Determine t(6).
2
Suppose -125*p + 72 = -122*p. Suppose 0 = -12*g + 8*g - p. Let k(j) = -j**3 - 7*j**2 - 8*j - 7. What is k(g)?
5
Let s(b) = b**3 - 11*b**2 + 13*b - 25. Suppose 27*o - 55 = -53 + 268. Give s(o).
5
Let t(n) = -9*n**3 - 3*n**2 + 7*n + 11. Let a(j) = -j**2 + 2*j + 1596. Let u be a(-39). Calculate t(u).
206
Suppose 0 = -266*z + 149*z - 702. Let f(h) be the first derivative of h**4/4 + 2*h**3 - h + 2. Calculate f(z).
-1
Let w(m) = 23*m**2 - 2*m + 4. Let y(s) = -63*s**2 + 7*s - 11. Let j(v) = 11*w(v) + 4*y(v). Suppose 6*x = x - 30. What is j(x)?
0
Let r be (1 - 7)/2 - 3. Suppose -2*u = n - 17, 0*u - n = -u + 1. Let t(b) = 0 + u - 6*b**2 + 3*b - b + 0*b**3 - b**3. What is t(r)?
-6
Let n(v) = -v**3 - 12*v**2 - 19*v + 12. Suppose 23*i - 21*i = z, -4*z + 4*i - 20 = 0. Give n(z).
2
Let h(s) = -17*s - 2 + 2*s**2 + 2*s**2 - s**2 + 14*s - 2*s**2. Let f be ((-25)/30)/(1/(-6)). Determine h(f).
8
Let v(p) = 0 - 3 + 661*p + 657*p - 1320*p. Give v(12).
-27
Let j(r) = 1 + 2 - 35298*r + 0 - 1 + 35293*r. Give j(-9).
47
Let j(q) be the first derivative of -q**3/3 + 5*q**2/2 - 3*q - 410. What is j(3)?
3
Let h(t) = 2*t**3 + 52*t**2 + 50*t + 1. Suppose 4*d = 4*c - 92, d + 77*c - 73*c + 33 = 0. Give h(d).
1
Let n(p) = 566 + 4*p - 290 - 297. What is n(5)?
-1
Let w(t) = -14231*t**2 + 28456*t**2 - 14226*t**2 - 28*t + 14*t + 20*t + 6. Let p be 4/3*12/(-1). Let y = -9 - p. Determine w(y).
-1
Let m(j) be the first derivative of -11*j**3 - j**2 - j + 667. What is m(-1)?
-32
Let m = 381 + -381. Let a(w) = w - 10. Calculate a(m).
-10
Let q(a) = -a + 1. Let b(u) = -u + 1. Let s(d) = -b(d) + 4*q(d). Let v = -58600 + 58599. Give s(v).
6
Let t be (3/9)/(84/27 + -3). Let s(u) be the first derivative of u**4/6 - 2*u**3/3 + u**2 - 43*u - 17. Let b(h) be the first derivative of s(h). Determine b(t).
8
Let g = 4242 + -4251. Let m(q) = -q**3 - 10*q**2 - q - 3. What is m(g)?
-75
Let y(h) be the second derivative of h**7/840 + h**6/72 + h**5/40 - h**4/8 + 6*h**3 + h**2 + h. Let m(v) be the second derivative of y(v). What is m(-5)?
-18
Let l(a) be the third derivative of 1/2*a**4 + 216*a - 1/120*a**6 + 1/2*a**3 + a**2 + 1/15*a**5 + 0. What is l(6)?
3
Let d(p) be the first derivative of -p**4/4 + 7*p**3 + 49*p**2 + 51*p + 3277. Give d(25).
1
Let k = 98 - 96. Let n be (-1)/2 + (11/k)/(-1). Let o(w) be the second derivative of -w**4/12 - w**3 + 2*w**2 + w. What is o(n)?
4
Let x(m) = 63*m + 2. Let k(n) = -247*n - 9. Let h(c) = k(c) + 4*x(c). Suppose 3*o = 3*r + 2 - 5, o + 2*r = 8. What is h(o)?
9
Let v be (36/60)/((-2)/(-10)). Let z(t) = 5948*t - 5951*t - 2 + v. Suppose 15 = -4*i + 2*g - 5, 3*i = -5*g + 11. Give z(i).
10
Let l be (5/(-4) - (-9)/(-12)) + 4. Let p(a) = l*a**2 - 1 + 201*a - 105*a - 100*a. Give p(-3).
29
Let o(v) = 7*v**2 - 6*v**2 + 61 - 87377*v + 87402*v. Give o(-22).
-5
Let f(w) be the second derivative of -8*w - 3/2*w**2 + 0 + 1/3*w**4 + 1/20*w**5 + 0*w**3. Let o(n) = -3*n**2 + n + 1. Let i be o(-1). Determine f(i).
6
Let u(h) = 11*h - 71. Let y be 10/(-6)*(-672)/160. What is u(y)?
6
Suppose -2*m + 5*m = -18. Suppose -15*k = 4*k - 114. Let r(b) = -b**2 + b. Let q(d) = 7*d**2 - 2*d - 2. Let j(u) = k*r(u) + q(u). Calculate j(m).
10
Let m(n) = -4*n + 4. Let k(r) = 4*r**3 + 15*r**2 + 5*r - 18. Let d(y) = 5*y**3 + 16*y**2 + 4*y - 17. Let p(s) = -6*d(s) + 7*k(s). Let j be p(5). Determine m(j).
-20
Let x(w) be the second derivative of -w**8/6720 + w**7/504 + w**5/60 - w**4/3 + 2*w**2 - 47*w. Let k(a) be the third derivative of x(a). Determine k(5).
2
Let z = -15548 + 15548. Let r(t) = 13*t - 12. Give r(z).
-12
Let y(o) = o**2 + 6*o - 9. Let i be y(-9). Suppose 23*l - 15 = i*l. Let s(d) = -l*d + 2 + 2*d - 7*d + 2*d. Calculate s(3).
-16
Suppose 25*n = 30*n - 65. Suppose 10*y + 15 = n*y. Let x(b) = -b**3 + 5*b**2 + 3. Determine x(y).
3
Let a(m) = m**3 + 3*m**2 - m - 11. Suppose 4*u + 33 = 5*d, 3*u - 2*u - 18 = -4*d. What is a(u)?
-5
Suppose 124*s + 71*s - 324 = -129. Let q(x) = 71*x**2 + 2*x - 1. Calculate q(s).
72
Let k(z) be the second derivative of -18 - z**2 + 5/6*z**3 + z - 1/12*z**4. Give k(7).
-16
Let o(i) be the first derivative of i**2/2 - 9*i - 961. Determine o(12).
3
Let a(b) = -3*b - 4. Let f(t) = -t**2 + 1. Let x be f(1). Let u(z) = -2*z - 15. Let q be u(x). Let i = q + 8. What is a(i)?
17
Suppose -5*n + 2*z - 7*z = -350, -5*n + 349 = 4*z. Let s(a) = 29*a**2 + 41*a**2 - n*a**2 - 1. Give s(1).
0
Suppose 4*g + 19 + 1 = -3*m, 4*g + m + 12 = 0. Let z = -1 - g. Let k(j) = -z + 3 - 11*j**2 + 10*j**2 + 5*j. Calculate k(6).
-4
Let u(m) = 27*m - 22 - 73*m + 3 + 28*m + 25*m. Determine u(13).
72
Let h(z) be the second derivative of z**4/3 + z**3/3 + 3*z**2 + z - 1579. What is h(-2)?
18
Let p(q) = -24*q**3 + q**2 - q + 1. Suppose j = 3*d - 5743, 10742 = 5*d - 5*j + 1157. Suppose -1915*m + 2 = -d*m. Give p(m).
-23
Let y(m) = 8*m + 41 + 0*m - 5*m + 2*m - 6. Calculate y(-8).
-5
Let r(l) = 2*l - 6*l - 100682 + 100666 + 2*l + 4*l. Give r(8).
0
Let u(t) be the first derivative of t**6/360 + 3*t**5/40 - 5*t**4/24 + 58*t**3/3 - 16. Let i(c) be the third derivative of u(c). Give i(-9).
-5
Suppose -16*x + 21*x = -3*r - 25, -2*r = -5*x + 25. Let c(j) = -j**3 - 12*j**2 - 23*j - 33. Give c(r).
-3
Let b(q) = 9*q + 18. Suppose 35*u - 34*u = -4. Determine b(u).
-18
Let i(u) = -6*u + 1. Suppose -26 = 12*r + 34. Calculate i(r).
31
Let g(d) be the first derivative of d**4 - d**3 - 3*d**2/2 - 2*d + 2361. Calculate g(-1).
-6
Let i(z) = 3*z**2 + 2*z + 2. Let x(d) = -4*d + 3. Let j(b) = i(b) - 2*x(b). Determine j(-5).
21
Let q(x) be the third derivative of x**5/30 - 73*x**4/24 + 11*x**3/2 - 3391*x**2. Give q(36).
-3
Let n(h) be the third derivative of h**5/40 - h**4/6 + 31*h**3/6 + 59*h**2. Let q(j) be the first derivative of n(j). What is q(7)?
17
Let z(p) = 3*p + 3. Suppose -3*s - s + 14 = -2*k, 0 = 4*k + 12. Let x be z(s). Let f(c) = 5*c**3 + 4 - 11 + x*c**2 - 6*c**3 - 8*c. Determine f(8).
-7
Suppose 5*f + 4*n + 0*n - 13 = 0, 0 = 4*f - 2*n - 26. Let s = -44 + 47. Let r(y) = y**s - 2*y**2 - 3*y + 2*y**2 + 0*y**3 - 5*y**2 + 3. Give r(f).
-12
Let s(x) be the second derivative of x**6/120 - x**4/8 - x**3/6 + 41*x**2/2 - 51*x. Let n(y) be the first derivative of s(y). What is n(-2)?
-3
Let o(s) = 11*s**3 + 13*s**2 + 6*s - 6. Let d(j) = 3*j**3 + j**2 - 3*j - 2. Let r(p) = -4*d(p) + o(p). Determine r(-2).
10
Let p(k) = -3*k + 6 - 40*k - 38*k + 110*k - 31*k. Calculate p(3).
0
Let o(c) = -2*c - 9 + 4 + 1. Suppose y = -t + 1 + 6, 5*y + t = 35. Suppose 4*x - 8 = -4, x = 2*q + y. Give o(q).
2
Let g(u) = 3*u**3 - 4*u**2 - 2. Let l(v) = -2*v**3 + 5*v**2. Let q(f) = 3*g(f) + 4*l(f). Suppose -2 = -s - 10. Calculate q(s).
-6
Let z = -56 + 45. Let d be (-79)/z + 2/(-11). Let q(n) = -4 + n**2 + 243*n + d - 238*n. Determine q(-2).
-3
Suppose 0 = 2*l - 2*q + 2, 3*l + 7*q - 8*q - 5 = 0. Let h = 12 - 11. Suppose 0 = l*b + 3*w - h - 11, 11 = 5*b - 4*w. Let s(j) = -j**2 + j - 2. What is s(b)?
-8
Let p(c) = 13*c - 1. Let a = 31 + -25. Suppose 0 = a*i - 5 - 7. Suppose -f + 0*q = i*q + 3, -4*q - 11 = -3*f. Calculate p(f).
12
Let i(a) = -10 + 26973*a**3 - 17 - 26972*a**3 - 2*a + 19*a**2. What is i(-19)?
1